atest common factor of v and y.
12
Let d = 117 - 76. Let r = -25 + d. What is the greatest common divisor of 112 and r?
16
Suppose f = -5*n + 53, -f = -3*f - 5*n + 111. Suppose f + 32 = 2*j. What is the greatest common factor of 15 and j?
15
Suppose 0 = j + 5*f - 11, -5*j - f = 2*f + 11. Let o be (j/(-5))/(8/80). What is the highest common divisor of 12 and o?
4
Let b be (2 - 3) + 64*1. Let v(f) = 2*f - 4*f - 3 + f**2 + 2. Let l be v(4). What is the highest common divisor of l and b?
7
Suppose -2*v + 5*v = -63. Let m = v - -37. Let u be ((-6)/(-4))/(1/m). Calculate the highest common divisor of u and 36.
12
Let b = -82 + 149. Suppose 2*q = 5*p - 2*p + b, 4*p = 3*q - 100. What is the greatest common divisor of q and 8?
8
Let k(z) = -14*z - 44. Let q be k(-14). Calculate the highest common factor of q and 19.
19
Let y = 425 + -194. Calculate the highest common factor of y and 21.
21
Let x(v) = v**3 + 8*v**2 + 6*v. Let s be x(-7). Let r(b) = b**2 - 18*b - 19. Let t be r(20). Calculate the highest common divisor of s and t.
7
Let r = -28 + 8. Let n = r + 45. What is the highest common divisor of n and 50?
25
Let x = -52 - -79. Suppose 0 = v + 5*s + 9, s - 14 = 2*v + 4. Let y = v + 12. Calculate the greatest common divisor of y and x.
3
Let s(t) = -t - 9. Let p be s(-10). Suppose -11 + p = -5*y + 5*l, -y = l - 2. Let o be ((-4)/12)/(y/(-24)). What is the greatest common divisor of 12 and o?
4
Let d = 57 + -38. Let y be 6 - 5 - (1 - d). What is the greatest common factor of y and 76?
19
Let f(b) = b**3 - b**2 + 136. Let k be f(0). Let g be (2 - 0 - -1) + 14. What is the greatest common factor of g and k?
17
Suppose 0 = -4*r + 1 - 5. Let d be 1 + (-4)/(-2) - r. Suppose y - 2*v = -2*y + 8, d*y + 2*v - 20 = 0. Calculate the greatest common factor of y and 44.
4
Suppose 2*j + 5 - 29 = 0. Let c = 1 + j. Calculate the highest common divisor of c and 117.
13
Let j(r) = 123*r. Let q be j(3). What is the greatest common factor of 41 and q?
41
Let a(j) = j**2 - 3*j + 2. Suppose -y + 5*k - 15 = 2*y, -y - 6 = -2*k. Let l = -5 - y. Let d be a(l). What is the highest common divisor of d and 6?
6
Suppose -c + 1 = -2*c. Let o be c + 1 - (-6 - -2). What is the greatest common divisor of o and 36?
4
Suppose 3*l - 11 = -2*n, -2*n = -7*n + l + 70. Calculate the highest common divisor of n and 91.
13
Let l(o) = o + 10. Suppose 4*r = -0*r - 28. Let t be l(r). Suppose -5*x + 202 = -2*f, -t*f + 57 = -4*x + 213. What is the highest common factor of x and 63?
21
Let c(q) = 44*q - 7. Let n be c(3). Suppose -3*x - 5*d = -0*x - 140, 0 = 2*x - 5*d - 110. What is the greatest common divisor of n and x?
25
Let k be ((-3840)/(-25))/6*5. Calculate the highest common divisor of k and 16.
16
Let k(v) = 6*v**2 - 3*v - 3. Let l be k(3). Calculate the greatest common factor of l and 105.
21
Let a be (0 - -1) + (7 - 1). Let z(g) = g - 4. Let s be z(a). Suppose -4*v = y - s*y + 16, 3*y - 34 = 4*v. Calculate the greatest common factor of 18 and y.
18
Let v(u) = -u**2 - 5*u + 16. Let s be v(-7). What is the greatest common divisor of 4 and s?
2
Suppose 0 = k + 3*k - 5*t - 3, -5*t = k + 18. Let d = 1 - k. What is the highest common divisor of 10 and d?
2
Let x be 3 - (0 + 21/3). Let n(h) = h**2 + 3*h + 5. Let u be n(x). Calculate the greatest common factor of u and 9.
9
Suppose j - 5*a = -0*j + 23, -3*a = j - 7. Suppose -134 + 30 = -z. Calculate the highest common factor of j and z.
13
Let b(a) = a**2 + 13*a + 4. Let c be b(-13). Suppose -c*m = m - 200. What is the greatest common factor of 8 and m?
8
Let o be (-11)/(-1 + ((-2)/4)/(-1)). What is the greatest common divisor of 242 and o?
22
Let p be ((-8)/10)/(6/(-45)). Suppose -406 = -5*n + j, -158 = -2*n - p*j + 2*j. What is the greatest common divisor of 9 and n?
9
Let v(r) = r**3 - 3*r**2 + 8*r - 2. Let p be v(3). Calculate the greatest common divisor of p and 55.
11
Let c be -6*3/(-6)*33. Let r = -14 - -23. What is the greatest common divisor of r and c?
9
Suppose -36*m - 27 = -39*m. What is the highest common divisor of m and 99?
9
Suppose 0*t + 16 = 16*t. Calculate the greatest common divisor of 7 and t.
1
Let y(n) = -2*n - 7. Suppose 2*a - 2 = -18. Let s be y(a). Calculate the highest common divisor of 45 and s.
9
Suppose u - 3 = -5*j, 5*u + j = -0*j + 15. Let w = u - 8. Let x(v) = -v - 1. Let g be x(w). What is the highest common divisor of 1 and g?
1
Let d(f) = -f**3 + 5*f**2 - f - 5. Let o be d(4). Let h(j) = 2*j**2 + 2*j + 8. Let t be h(o). What is the greatest common factor of 15 and t?
15
Suppose 0 = -2*z + 6. Suppose z*f = 7*f - 16. Calculate the greatest common divisor of f and 10.
2
Suppose 5*o - 1024 = o. What is the greatest common factor of o and 32?
32
Let j = -34 - -40. Calculate the highest common factor of j and 6.
6
Let r = 125 - 90. What is the highest common factor of r and 7?
7
Let i be (-60)/8*-4 - 4. Calculate the highest common divisor of i and 182.
26
Let f be (-89)/(-9) + 2/18. What is the greatest common factor of f and 5?
5
Let n be (6/(-1) + -2)*-1. Calculate the greatest common divisor of n and 40.
8
Let a(g) = 2*g**2 - 10*g + 4. Let t be a(6). What is the highest common divisor of t and 64?
16
Let x be (-15)/25*(0 - 55). Suppose 4*m - 9 - 35 = 0. Calculate the highest common divisor of x and m.
11
Suppose 212 = 6*p - 40. What is the greatest common divisor of p and 42?
42
Let u(z) = z**2 - 3 + 10*z + 10 + 7. Suppose 0 = -5*a - n - 50, -3*n + 30 = -2*a - a. Let r be u(a). Calculate the highest common factor of 35 and r.
7
Let z = 2 - -2. Let u = z + -3. Let d be u + 1/(-1) - -12. What is the highest common factor of 36 and d?
12
Let v be 16 - (3 + -1 + 0). Let l be 2 - 4 - (-31 - -1). Calculate the greatest common factor of l and v.
14
Suppose 8 = 3*l + 4*a, -2*l - a = 3*l - 36. Suppose s = 5*s - l. Suppose 0 = 5*z - 3*z - 3*i - 14, 0 = -5*i + 10. What is the greatest common factor of z and s?
2
Let a = 44 - 31. What is the greatest common divisor of 91 and a?
13
Let g(s) = s**2 - 3*s. Let p be g(4). Let y be ((-2)/p)/(3/(-450)). What is the greatest common factor of y and 15?
15
Let o(j) = 12*j + 1. Let a be o(-6). Let z = 119 + a. Calculate the highest common divisor of 8 and z.
8
Suppose -10*k + 175 = -5*k. What is the highest common divisor of 5 and k?
5
Let z(j) = -j**3 + 2*j**2 + 3*j + 1. Let h be z(-2). Suppose -s + 64 = -h. What is the highest common divisor of 30 and s?
15
Suppose -4*j + 2*t + 0*t = -218, 0 = -4*j + 4*t + 228. What is the greatest common factor of 4 and j?
4
Let m be 436 - (-3)/6*-2. Suppose -3*l + m = 138. Suppose 35 = 3*n + 2. What is the greatest common divisor of l and n?
11
Let l(m) = 2*m + 19. Let t be l(-7). What is the greatest common factor of t and 10?
5
Let q(i) = -25*i - 37. Let k be q(-3). What is the highest common factor of 57 and k?
19
Let b be (3 + (-20)/6)*-3. Suppose 0 = 3*v - 7*v + 8. Calculate the greatest common factor of b and v.
1
Suppose -3*g - g = -12. Suppose 10 = -g*m + 1. Let k be m*(-2 - -4)/(-6). What is the highest common divisor of 5 and k?
1
Suppose -2*r - 4*a + 36 = 0, -8 = 5*a - 3*a. Suppose -f = -3*c + r, 5*c + 3*f - 58 = f. What is the highest common factor of c and 25?
5
Let z be (-4)/(-1) - (3 - 4). Suppose 2*m + 2*w - 34 = 56, 2*w = -z*m + 234. Calculate the greatest common divisor of 32 and m.
16
Let a = 17 - 10. Suppose -5 = 3*l - 17. Suppose -2*c + 39 = -5*k, -l*c - k = -0*k - 23. What is the highest common divisor of c and a?
7
Suppose 11 = s + 3. Let l be (3/(-6))/(1/(-14)). Let z = s - l. Calculate the greatest common divisor of z and 8.
1
Let n = 844 + -831. Let h be -49 - (1 + 1/1). Let w be -1 - (2 - h)*-1. Calculate the highest common factor of n and w.
13
Let z = 12 + 10. What is the highest common factor of z and 2?
2
Let m = -5 + 7. Suppose m*f - 84 = 76. Let q = 160 - f. What is the highest common divisor of 10 and q?
10
Let k = -11 + 29. Suppose 4 = -0*a + 2*a. Suppose 0 = 4*d - 0*d + 4*m - 68, 0 = 4*d + a*m - 58. Calculate the greatest common divisor of d and k.
6
Let l(x) = -3*x - 30. Let j be l(-16). Calculate the greatest common factor of j and 9.
9
Suppose 4*l - 45 = -5*w, -4*w + 5*l = -37 + 1. What is the highest common factor of 45 and w?
9
Let q(p) = 2*p**2 - 3*p - 26. Let z be q(10). What is the highest common di